{"id":44,"date":"2019-03-21T10:34:51","date_gmt":"2019-03-21T10:34:51","guid":{"rendered":"https:\/\/immunoassays.de\/?page_id=44"},"modified":"2019-03-21T13:10:29","modified_gmt":"2019-03-21T13:10:29","slug":"elisa","status":"publish","type":"page","link":"https:\/\/immunoassays.de\/?page_id=44","title":{"rendered":"ELISA"},"content":{"rendered":"\n<p>Eigenschaften und Leistungen:<\/p>\n\n\n\n<ul><li>Hohe diagnostische Sensitivit\u00e4t und Spezifit\u00e4t<\/li><li>Einfach zu verwenden mit den gebr\u00e4uchlichsten automatischen Open-System ELISAs-Systemen<\/li><li>Kit mit farbig kodierten Reagenzien zur einfachen Erkennung<\/li><li>Abtrennbare Wells, wirtschaftlicher Vorteil<\/li><li>12-monatige Haltbarkeitsdauer<\/li><li>Kombinierte IgG\/IgM-Kits auf Anfrage erh\u00e4ltlich<\/li><\/ul>\n\n\n\n<table class=\"wp-block-table\"><tbody><tr><td><strong>Infekti\u00f6se Krankheiten<\/strong><\/td><\/tr><tr><td><strong>ToRCH PANEL<\/strong>Diagnostik maternal-fetaler Infektionen und Pr\u00fcfung von durch kongenitale Infektionen bedingten Risikofaktoren.<\/td><td><a href=\"https:\/\/immunoassays.de\/?page_id=77\">Toxoplasma<\/a><br><a href=\"https:\/\/immunoassays.de\/?page_id=87\">Rubella<\/a><br><a href=\"https:\/\/immunoassays.de\/?page_id=90\">Cytomegalovirus<\/a><br><a href=\"https:\/\/immunoassays.de\/?page_id=94\">Herpes 1 &amp; 2<\/a><\/td><\/tr><tr><td><strong>EBV PANEL<\/strong>Das Epstein Barr-Virus (EBV) ist der Erreger der Mononukleose. Es wurde lange vermutet, dass das EBV zur \u00c4tiologie von Burkitt`s Lymphoma and Naso-pharyngealkarzinom beitr\u00e4gt.<\/td><td><a href=\"https:\/\/immunoassays.de\/?page_id=108\">Epstein Barr Virus VCA IgG<\/a><a href=\"https:\/\/immunoassays.de\/?page_id=102\">Epstein Barr Virus VCA IgM<\/a><\/td><\/tr><tr><td><strong>PEDIATRIC PANEL<\/strong>Die Diagnostik normaler Erkrankungen des Kindesalters bleibt trotz der Verbreitung von Impfprogrammen in zahlreichen L\u00e4ndern von weltweiter Bedeutung.<\/td><td><a href=\"https:\/\/immunoassays.de\/?page_id=113\">Masern IgG<\/a>,\u00a0<a href=\"https:\/\/immunoassays.de\/?page_id=116\">Masern IgM<\/a><br><a href=\"https:\/\/immunoassays.de\/?page_id=119\">Mumps<\/a><br><a href=\"https:\/\/immunoassays.de\/?page_id=123\">Varicella IgG<\/a>,\u00a0<a href=\"https:\/\/immunoassays.de\/?page_id=126\">Varicella IgM<\/a><\/td><\/tr><tr><td>&nbsp;<strong>GASTROINTESTINAL PANEL<\/strong>Das Bakterium&nbsp;<em>Helicobacter pylori<\/em>&nbsp;spielt eine bedeutende Rolle in der Pathologie von chronischer Gastritis, Magen- und Zw\u00f6lffingerdarmgeschw\u00fcr und Magenkrebs. Die serologische Untersuchung stellt eine wertvolle, nicht-invasive Alternative dar.<\/td><td><a href=\"https:\/\/immunoassays.de\/?page_id=129\">Helicobacter<\/a><\/td><\/tr><tr><td><strong>STD PANEL<\/strong><em>Treponema pallidum<\/em>&nbsp;ist ein Bakterium aus der Familie der Spiroch\u00e4ten, das im humanen Organismus als Erreger der venerischen Syphilis gilt. Da eine Isolierung und In vitro-Kultivierung von T. Pallidum-Subspezies schwierig ist, stellen serologische Untersuchungen die beste Methode zur Diagnose von Syphilis dar.<\/td><td><a href=\"https:\/\/immunoassays.de\/?page_id=133\">T. pallidum (Syphilis) IgG<br><\/a><br><a href=\"https:\/\/immunoassays.de\/?page_id=136\">T. pallidum (Syphilis) IgM<\/a><\/td><\/tr><tr><td><strong>TROPICAL DISEASES PANEL<\/strong>Bei Tropenkrankheiten handelt es sich um infekti\u00f6se Erkrankungen, die vor allem oder ausschlie\u00dflich in tropischen und subtropischen Regionen vorkommen.<\/td><td>\u00a0<a href=\"https:\/\/immunoassays.de\/?page_id=139\">Dengue Fieber<\/a><\/td><\/tr><\/tbody><\/table>\n","protected":false},"excerpt":{"rendered":"<p>Eigenschaften und Leistungen: Hohe diagnostische Sensitivit\u00e4t und Spezifit\u00e4t Einfach zu verwenden mit den gebr\u00e4uchlichsten automatischen Open-System ELISAs-Systemen Kit mit farbig kodierten Reagenzien zur einfachen Erkennung Abtrennbare Wells, wirtschaftlicher Vorteil 12-monatige Haltbarkeitsdauer Kombinierte IgG\/IgM-Kits auf Anfrage erh\u00e4ltlich Infekti\u00f6se Krankheiten ToRCH PANELDiagnostik maternal-fetaler Infektionen und Pr\u00fcfung von durch kongenitale Infektionen bedingten Risikofaktoren. ToxoplasmaRubellaCytomegalovirusHerpes 1 &amp; 2 EBV&hellip; <br \/> <a class=\"read-more\" href=\"https:\/\/immunoassays.de\/?page_id=44\">Weiterlesen<\/a><\/p>\n","protected":false},"author":1,"featured_media":45,"parent":0,"menu_order":0,"comment_status":"closed","ping_status":"closed","template":"","meta":{"footnotes":""},"class_list":["post-44","page","type-page","status-publish","has-post-thumbnail","hentry"],"_links":{"self":[{"href":"https:\/\/immunoassays.de\/index.php?rest_route=\/wp\/v2\/pages\/44","targetHints":{"allow":["GET"]}}],"collection":[{"href":"https:\/\/immunoassays.de\/index.php?rest_route=\/wp\/v2\/pages"}],"about":[{"href":"https:\/\/immunoassays.de\/index.php?rest_route=\/wp\/v2\/types\/page"}],"author":[{"embeddable":true,"href":"https:\/\/immunoassays.de\/index.php?rest_route=\/wp\/v2\/users\/1"}],"replies":[{"embeddable":true,"href":"https:\/\/immunoassays.de\/index.php?rest_route=%2Fwp%2Fv2%2Fcomments&post=44"}],"version-history":[{"count":7,"href":"https:\/\/immunoassays.de\/index.php?rest_route=\/wp\/v2\/pages\/44\/revisions"}],"predecessor-version":[{"id":144,"href":"https:\/\/immunoassays.de\/index.php?rest_route=\/wp\/v2\/pages\/44\/revisions\/144"}],"wp:featuredmedia":[{"embeddable":true,"href":"https:\/\/immunoassays.de\/index.php?rest_route=\/wp\/v2\/media\/45"}],"wp:attachment":[{"href":"https:\/\/immunoassays.de\/index.php?rest_route=%2Fwp%2Fv2%2Fmedia&parent=44"}],"curies":[{"name":"wp","href":"https:\/\/api.w.org\/{rel}","templated":true}]}}